is divided by 1669.
13
What is the remainder when 17239288 is divided by 119?
115
Calculate the remainder when 7531626 is divided by 95337.
3
Calculate the remainder when 2572249 is divided by 494.
485
Calculate the remainder when 1680077 is divided by 7704.
605
What is the remainder when 199290 is divided by 21888?
2298
What is the remainder when 486075 is divided by 344?
3
What is the remainder when 34581004 is divided by 16?
12
What is the remainder when 2347577 is divided by 4396?
113
What is the remainder when 1869541 is divided by 286?
245
What is the remainder when 661213 is divided by 884?
865
What is the remainder when 54416 is divided by 2383?
1990
What is the remainder when 2525180 is divided by 735?
455
What is the remainder when 66124022 is divided by 3001?
2989
Calculate the remainder when 60518 is divided by 30174.
170
Calculate the remainder when 13320 is divided by 242.
10
Calculate the remainder when 101086 is divided by 1738.
282
Calculate the remainder when 3564020 is divided by 1282.
60
What is the remainder when 36790 is divided by 153?
70
What is the remainder when 601470 is divided by 116?
10
Calculate the remainder when 42519 is divided by 42454.
65
Calculate the remainder when 22057261 is divided by 247.
161
Calculate the remainder when 12371451 is divided by 2665.
521
Calculate the remainder when 13914 is divided by 279.
243
Calculate the remainder when 59838 is divided by 226.
174
Calculate the remainder when 8212230 is divided by 36992.
6
What is the remainder when 53144 is divided by 5500?
3644
What is the remainder when 42680151 is divided by 106?
99
What is the remainder when 63552332 is divided by 84?
32
Calculate the remainder when 2068223 is divided by 48.
47
Calculate the remainder when 65300 is divided by 21318.
1346
What is the remainder when 17177446 is divided by 66322?
48
What is the remainder when 821768 is divided by 410881?
6
Calculate the remainder when 27424771 is divided by 1551.
1540
What is the remainder when 223836 is divided by 5935?
4241
What is the remainder when 5703367 is divided by 1901094?
85
What is the remainder when 176551 is divided by 13558?
297
Calculate the remainder when 260114 is divided by 259228.
886
What is the remainder when 228717810 is divided by 38119634?
6
Calculate the remainder when 558580 is divided by 13595.
1185
What is the remainder when 11420922 is divided by 1350?
1272
Calculate the remainder when 56975 is divided by 110.
105
Calculate the remainder when 21940214 is divided by 2561.
127
What is the remainder when 64109 is divided by 20426?
2831
What is the remainder when 43773 is divided by 21461?
851
Calculate the remainder when 13460 is divided by 13084.
376
What is the remainder when 15141067 is divided by 58?
51
Calculate the remainder when 3553540 is divided by 350.
340
Calculate the remainder when 4763390 is divided by 32185.
10
Calculate the remainder when 617836 is divided by 1437.
1363
What is the remainder when 337620 is divided by 34?
0
What is the remainder when 6601424 is divided by 647?
83
Calculate the remainder when 255027 is divided by 3918.
357
What is the remainder when 1974913 is divided by 219428?
61
What is the remainder when 32119474 is divided by 5083?
5080
What is the remainder when 589480 is divided by 1147?
1069
What is the remainder when 870283 is divided by 888?
43
What is the remainder when 8805582 is divided by 70?
2
What is the remainder when 579107 is divided by 34?
19
What is the remainder when 35011 is divided by 6451?
2756
Calculate the remainder when 225255 is divided by 5020.
4375
Calculate the remainder when 69592766 is divided by 34796379.
8
What is the remainder when 2657291 is divided by 26?
13
Calculate the remainder when 107431498 is divided by 50.
48
Calculate the remainder when 164967 is divided by 290.
247
Calculate the remainder when 2481605 is divided by 467.
434
Calculate the remainder when 185957 is divided by 3372.
497
Calculate the remainder when 1802917 is divided by 27.
19
What is the remainder when 145447 is divided by 664?
31
Calculate the remainder when 1354553 is divided by 665.
613
Calculate the remainder when 120130 is divided by 39962.
244
What is the remainder when 152366 is divided by 1398?
1382
Calculate the remainder when 1129683827 is divided by 1911.
1910
What is the remainder when 19488469 is divided by 83?
69
What is the remainder when 1146318 is divided by 1146318?
0
What is the remainder when 27994456 is divided by 503?
494
Calculate the remainder when 713475 is divided by 113.
106
Calculate the remainder when 910975 is divided by 14678.
939
Calculate the remainder when 913798 is divided by 305.
18
Calculate the remainder when 965572 is divided by 1288.
860
Calculate the remainder when 2101185 is divided by 5333.
5316
What is the remainder when 669147457 is divided by 7?
6
What is the remainder when 302240 is divided by 30?
20
Calculate the remainder when 166787 is divided by 33357.
2
What is the remainder when 75483 is divided by 12398?
1095
Calculate the remainder when 112249 is divided by 28048.
57
Calculate the remainder when 3117146 is divided by 35422.
10
Calculate the remainder when 185319 is divided by 3093.
2832
Calculate the remainder when 35314 is divided by 11531.
721
What is the remainder when 19971482 is divided by 232?
226
Calculate the remainder when 33946494 is divided by 404.
394
What is the remainder when 197389 is divided by 685?
109
What is the remainder when 166294 is divided by 1834?
1234
What is the remainder when 16134638 is divided by 71?
30
What is the remainder when 447714 is divided by 8291?
0
Calculate the remainder when 1266230 is divided by 97373.
381
Calculate the remainder when 530283139 is divided by 19.
17
What is the remainder when 232294 is divided by 487?
482
Calculate the remainder when 1018011 is divided by 2015.
436
What is the remainder when 42513091 is divided by 4331?
4326
What is the remainder when 474976 is divided by 23?
3
Calculate the remainder when 2844447 is divided by 1422213.
21
Calculate the remainder when 7756249 is divided by 387812.
9
What is the remainder when 25663012 is divided by 641575?
12
Calculate the remainder when 1059127 is divided by 5819.
69
What is the remainder when 1554086 is divided by 2898?
758
Calculate the remainder when 44279990 is divided by 24.
14
What is the remainder when 24543475 is divided by 8181125?
100
What is the remainder when 3505825 is divided by 337?
14
Calculate the remainder when 1886223 is divided by 1619.
88
Calculate the remainder when 736970 is divided by 3378.
566
What is the remainder when 70362074 is divided by 1883?
13
Calculate the remainder when 179966177 is divided by 43.
40
Calculate the remainder when 1624962 is divided by 5.
2
Calculate the remainder when 7324470 is divided by 234.
36
What is the remainder when 12741088 is divided by 476?
472
What is the remainder when 362906 is divided by 534?
320
Calculate the remainder when 133325845 is divided by 9.
7
Calculate the remainder when 1562545 is divided by 66.
61
Calculate the remainder when 592494 is divided by 147929.
778
Calculate the remainder when 55216946 is divided by 36495.
11
Calculate the remainder when 37545077 is divided by 136.
101
Calculate the remainder when 32225575 is divided by 216279.
4
What is the remainder when 6141968 is divided by 1188?
8
What is the remainder when 302786 is divided by 2436?
722
Calculate the remainder when 581823 is divided by 290906.
11
What is the remainder when 206416 is divided by 206405?
11
What is the remainder when 278228 is divided by 7?
6
Calculate the remainder when 6142420 is divided by 677.
676
What is the remainder when 710543 is divided by 226?
225
Calculate the remainder when 2771922 is divided by 923970.
12
What is the remainder when 212108733 is divided by 23?
19
What is the remainder when 286122 is divided by 614?
612
What is the remainder when 87228448 is divided by 77?
76
Calculate the remainder when 37015 is divided by 36960.
55
Calculate the remainder when 41638698 is divided by 139.
136
Calculate the remainder when 1043531 is divided by 1290.
1211
What is the remainder when 1540914 is divided by 605?
584
What is the remainder when 98308 is divided by 6544?
148
What is t